 prime factors of 21863?
21863
What are the prime factors of 86476?
2, 13, 1663
List the prime factors of 64869.
3, 7, 3089
What are the prime factors of 264?
2, 3, 11
List the prime factors of 1111.
11, 101
List the prime factors of 114628.
2, 28657
What are the prime factors of 39227?
39227
What are the prime factors of 3652?
2, 11, 83
List the prime factors of 1008.
2, 3, 7
What are the prime factors of 9601?
9601
What are the prime factors of 1047?
3, 349
List the prime factors of 2872.
2, 359
What are the prime factors of 893?
19, 47
What are the prime factors of 746?
2, 373
What are the prime factors of 1335?
3, 5, 89
What are the prime factors of 1628?
2, 11, 37
List the prime factors of 29337.
3, 7, 11, 127
What are the prime factors of 1506?
2, 3, 251
What are the prime factors of 61237?
11, 19, 293
List the prime factors of 11793.
3, 3931
What are the prime factors of 1220?
2, 5, 61
What are the prime factors of 14361?
3, 4787
What are the prime factors of 15515?
5, 29, 107
What are the prime factors of 11721?
3, 3907
List the prime factors of 27674.
2, 101, 137
What are the prime factors of 153543?
3, 13, 31, 127
List the prime factors of 2793.
3, 7, 19
List the prime factors of 27492.
2, 3, 29, 79
What are the prime factors of 8380?
2, 5, 419
What are the prime factors of 782?
2, 17, 23
List the prime factors of 11596.
2, 13, 223
What are the prime factors of 19136?
2, 13, 23
What are the prime factors of 7738?
2, 53, 73
List the prime factors of 2764.
2, 691
List the prime factors of 79156.
2, 7, 11, 257
What are the prime factors of 13725?
3, 5, 61
List the prime factors of 51472.
2, 3217
List the prime factors of 26514.
2, 3, 491
List the prime factors of 7726.
2, 3863
What are the prime factors of 14150?
2, 5, 283
List the prime factors of 551.
19, 29
List the prime factors of 486.
2, 3
List the prime factors of 99093.
3, 17, 29, 67
What are the prime factors of 13443?
3, 4481
What are the prime factors of 21010?
2, 5, 11, 191
List the prime factors of 7317.
3, 271
List the prime factors of 3232.
2, 101
List the prime factors of 1093.
1093
List the prime factors of 830.
2, 5, 83
What are the prime factors of 35271?
3, 3919
What are the prime factors of 237?
3, 79
List the prime factors of 14095.
5, 2819
What are the prime factors of 2050?
2, 5, 41
List the prime factors of 3089.
3089
List the prime factors of 3007.
31, 97
What are the prime factors of 81837?
3, 7, 433
What are the prime factors of 5104?
2, 11, 29
List the prime factors of 17694.
2, 3, 983
What are the prime factors of 3627?
3, 13, 31
List the prime factors of 1073.
29, 37
What are the prime factors of 4130?
2, 5, 7, 59
What are the prime factors of 565?
5, 113
What are the prime factors of 14125?
5, 113
List the prime factors of 15254.
2, 29, 263
List the prime factors of 2466.
2, 3, 137
What are the prime factors of 27238?
2, 13619
What are the prime factors of 6703?
6703
What are the prime factors of 38965?
5, 7793
List the prime factors of 23110.
2, 5, 2311
List the prime factors of 3846.
2, 3, 641
List the prime factors of 5252.
2, 13, 101
What are the prime factors of 9359?
7, 191
List the prime factors of 6273.
3, 17, 41
What are the prime factors of 54597?
3, 18199
List the prime factors of 2753.
2753
List the prime factors of 34768.
2, 41, 53
List the prime factors of 154800.
2, 3, 5, 43
List the prime factors of 998.
2, 499
What are the prime factors of 4355?
5, 13, 67
List the prime factors of 114760.
2, 5, 19, 151
What are the prime factors of 11992?
2, 1499
What are the prime factors of 120068?
2, 13, 2309
List the prime factors of 9335.
5, 1867
What are the prime factors of 1821?
3, 607
What are the prime factors of 38890?
2, 5, 3889
List the prime factors of 5923.
5923
What are the prime factors of 4328?
2, 541
List the prime factors of 2813.
29, 97
What are the prime factors of 4045?
5, 809
What are the prime factors of 16915?
5, 17, 199
What are the prime factors of 161?
7, 23
What are the prime factors of 790?
2, 5, 79
What are the prime factors of 1345?
5, 269
List the prime factors of 2635.
5, 17, 31
What are the prime factors of 12036?
2, 3, 17, 59
List the prime factors of 1098.
2, 3, 61
List the prime factors of 1029.
3, 7
List the prime factors of 920.
2, 5, 23
What are the prime factors of 11661?
3, 13, 23
List the prime factors of 11855.
5, 2371
List the prime factors of 2420.
2, 5, 11
What are the prime factors of 1972?
2, 17, 29
List the prime factors of 28572.
2, 3, 2381
List the prime factors of 62418.
2, 3, 101, 103
List the prime factors of 505.
5, 101
What are the prime factors of 2516?
2, 17, 37
List the prime factors of 350.
2, 5, 7
What are the prime factors of 80?
2, 5
What are the prime factors of 5291?
11, 13, 37
List the prime factors of 21984.
2, 3, 229
What are the prime factors of 376?
2, 47
What are the prime factors of 6384?
2, 3, 7, 19
What are the prime factors of 3660?
2, 3, 5, 61
What are the prime factors of 141159?
3, 211, 223
What are the prime factors of 157240?
2, 5, 3931
What are the prime factors of 11155?
5, 23, 97
What are the prime factors of 452?
2, 113
What are the prime factors of 1786?
2, 19, 47
What are the prime factors of 3247?
17, 191
What are the prime factors of 1761?
3, 587
What are the prime factors of 70?
2, 5, 7
What are the prime factors of 2401?
7
List the prime factors of 56601.
3, 19, 331
What are the prime factors of 1007?
19, 53
List the prime factors of 87437.
7, 12491
What are the prime factors of 28987?
7, 41, 101
List the prime factors of 2529.
3, 281
List the prime factors of 19182.
2, 3, 23, 139
What are the prime factors of 37355?
5, 31, 241
What are the prime factors of 41071?
67, 613
What are the prime factors of 21853?
13, 41
List the prime factors of 1783.
1783
List the prime factors of 3717.
3, 7, 59
What are the prime factors of 2679?
3, 19, 47
What are the prime factors of 118?
2, 59
List the prime factors of 53426.
2, 26713
What are the prime factors of 7390?
2, 5, 739
What are the prime factors of 348?
2, 3, 29
What are the prime factors of 1736?
2, 7, 31
What are the prime factors of 17914?
2, 13, 53
List the prime factors of 32466.
2, 3, 7, 773
What are the prime factors of 37084?
2, 73, 127
What are the prime factors of 11744?
2, 367
What are the prime factors of 28392?
2, 3, 7, 13
What are the prime factors of 18434?
2, 13, 709
List the prime factors of 58431.
3, 19477
What are the prime factors of 9766?
2, 19, 257
What are the prime factors of 3488?
2, 109
What are the prime factors of 21047?
13, 1619
List the prime factors of 780.
2, 3, 5, 13
What are the prime factors of 4347?
3, 7, 23
What are the prime factors of 105616?
2, 7, 23, 41
What are the prime factors of 6381?
3, 709
List the prime factors of 2645.
5, 23
List the prime factors of 22464.
2, 3, 13
List the prime factors of 54135.
3, 5, 401
List the prime factors of 2417.
2417
What are the prime factors of 1895?
5, 379
What are the prime factors of 743?
743
What are the prime factors of 511?
7, 73
List the prime factors of 39435.
3, 5, 11, 239
List the prime factors of 2123.
11, 193
List the prime factors of 20294.
2, 73, 139
List the prime factors of 106239.
3, 7, 5059
List the prime factors of 14374.
2, 7187
What are the prime factors of 797?
797
List the prime factors of 2842.
2, 7, 29
What are the prime factors of 2536?
2, 317
What are the prime factors of 4524?
2, 3, 13, 29
What are the prime factors of 17356?
2, 4339
List the prime factors of 122.
2, 61
What are the prime factors of 35321?
11, 13, 19
What are the prime factors of 934?
2, 467
List the prime factors of 4978.
2, 19, 131
What are the prime factors of 8758?
2, 29, 151
List the prime factors of 46690.
2, 5, 7, 23, 29
List the prime factors of 794.
2, 397
List the prime factors of 75427.
11, 6857
List the prime factors of 22691.
22691
What are the prime factors of 55?
5, 11
List the prime factors of 5169.
3, 1723
What are the prime factors of 9344?
2, 73
What are the prime factors of 41036?
2, 10259
List the prime factors of 663.
3, 13, 17
List the prime factors of 135349.
135349
List the prime factors of 1235.
5, 13, 19
What are the prime factors of 2591?
2591
List the prime factors of 4189.
59, 71
List the prime factors of 2058.
2,